{"id":25,"date":"2014-10-04T13:20:46","date_gmt":"2014-10-04T11:20:46","guid":{"rendered":"http:\/\/learningdrums.de\/cmsld\/?page_id=25"},"modified":"2023-08-03T09:03:19","modified_gmt":"2023-08-03T07:03:19","slug":"angebote","status":"publish","type":"page","link":"https:\/\/www.musik-schulsystem.de\/cmsld\/unterricht\/angebote\/","title":{"rendered":"Angebote"},"content":{"rendered":"<h1>Unsere Angebote<\/h1>\n<h2>1. Orientierungsstunde<\/h2>\n<p>Checkup der aktuellen F\u00e4higkeiten, Praxis, Empfehlung,<br \/>\nEUR 30,-, wird bei Aufnahme verrechnet.<\/p>\n<p><b>Instrumentalunterricht<\/b><\/p>\n<p>w\u00f6chentlich oder 14-t\u00e4gig,<\/p>\n<p>ben\u00f6tigt eigenes &#8211; oder Leihinstrument<\/p>\n<h2>2. Unterricht ab 4 Jahre:<\/h2>\n<p>Ausbildungs &#8211; Abschnitt <b>20 Termine<\/b>,<\/p>\n<p><b>Dauer ca. 6 Monate<\/b>, Start jederzeit m\u00f6glich &#8211; beliebig viele Abschnitte &#8222;nachbuchbar&#8220; &#8230; Empfohlen wir von uns der Start mit Einzel-Unterricht, danach suchen wir einen passenden Partner (wenn nicht ausdr\u00fccklich einzel gew\u00fcnscht wird &#8230;) f\u00fcr Gruppen-Unterricht, dann wieder mal einzeln, gern in Abwechslung mit wieder anderen Unterrichtspartnern.<\/p>\n<p><b>Kosten f\u00fcr Gitarre, Klavier, Gesang, Keyboard, Tontechnik:<\/b><\/p>\n<p><b>keine Feriendurchzahlung, keine Ausf\u00e4lle durch Feiertage &#8211; Teilzahlung m\u00f6glich.<\/b><\/p>\n<p>Abschnitt <b>20 Termine\u00a0<\/b>: EUR 565,- ( zum Vergleichen: ca. EUR 95.- \/ Monat ),<\/p>\n<p>Sondertarif Klavier @ &#8222;Home-Service&#8220;: EUR 610,- ( zum Vergleichen: ca. EUR 102.- \/ Mon. )<\/p>\n<p><strong>nur f\u00fcr Schlagzeug:\u00a0<\/strong><\/p>\n<p>Grundstufe 1: EUR 565,- ( zum Vergleichen: ca. EUR 95.- \/ Monat )<br \/>\nGrundstufe 2: EUR 595,- ( zum Vergleichen: ca. EUR 100.- \/ Monat )<br \/>\nGrundstufe 3: EUR 625,- ( zum Vergleichen: ca. EUR 105.- \/ Monat )<\/p>\n<p>&nbsp;<\/p>\n<p><strong>Unterricht als Geschenk ?<\/strong><\/p>\n<p>Selbstverst\u00e4ndlich k\u00f6nnen Sie unseren Unterricht auch verschenken, mit oder ohne Leih-Instrument.<\/p>\n<p>Wenn Sie unsere christbaum-tauglichen, h\u00fcbschen Gutscheine betrachten wollen, besuchen Sie unseren Shop: Hier der Link: <a href=\"https:\/\/www.musik-schulsystem.de\/cmsld\/shop\/gutschein\/\" target=\"_blank\" rel=\"noopener\">GUTSCHEIN<\/a><\/p>\n","protected":false},"excerpt":{"rendered":"<p>Unsere Angebote 1. Orientierungsstunde Checkup der aktuellen F\u00e4higkeiten, Praxis, Empfehlung, EUR 30,-, wird bei Aufnahme verrechnet. Instrumentalunterricht w\u00f6chentlich oder 14-t\u00e4gig, ben\u00f6tigt eigenes &#8211; oder Leihinstrument 2. Unterricht ab 4 Jahre: Ausbildungs &#8211; Abschnitt 20 Termine, Dauer ca. 6 Monate, Start &hellip; <a href=\"https:\/\/www.musik-schulsystem.de\/cmsld\/unterricht\/angebote\/\">Weiterlesen <span class=\"meta-nav\">&rarr;<\/span><\/a><\/p>\n","protected":false},"author":2,"featured_media":844,"parent":17,"menu_order":0,"comment_status":"closed","ping_status":"closed","template":"sidebar-page.php","meta":{"footnotes":""},"_links":{"self":[{"href":"https:\/\/www.musik-schulsystem.de\/cmsld\/wp-json\/wp\/v2\/pages\/25"}],"collection":[{"href":"https:\/\/www.musik-schulsystem.de\/cmsld\/wp-json\/wp\/v2\/pages"}],"about":[{"href":"https:\/\/www.musik-schulsystem.de\/cmsld\/wp-json\/wp\/v2\/types\/page"}],"author":[{"embeddable":true,"href":"https:\/\/www.musik-schulsystem.de\/cmsld\/wp-json\/wp\/v2\/users\/2"}],"replies":[{"embeddable":true,"href":"https:\/\/www.musik-schulsystem.de\/cmsld\/wp-json\/wp\/v2\/comments?post=25"}],"version-history":[{"count":19,"href":"https:\/\/www.musik-schulsystem.de\/cmsld\/wp-json\/wp\/v2\/pages\/25\/revisions"}],"predecessor-version":[{"id":4420,"href":"https:\/\/www.musik-schulsystem.de\/cmsld\/wp-json\/wp\/v2\/pages\/25\/revisions\/4420"}],"up":[{"embeddable":true,"href":"https:\/\/www.musik-schulsystem.de\/cmsld\/wp-json\/wp\/v2\/pages\/17"}],"wp:featuredmedia":[{"embeddable":true,"href":"https:\/\/www.musik-schulsystem.de\/cmsld\/wp-json\/wp\/v2\/media\/844"}],"wp:attachment":[{"href":"https:\/\/www.musik-schulsystem.de\/cmsld\/wp-json\/wp\/v2\/media?parent=25"}],"curies":[{"name":"wp","href":"https:\/\/api.w.org\/{rel}","templated":true}]}}